{"id":32,"date":"2024-03-02T02:21:50","date_gmt":"2024-03-02T01:21:50","guid":{"rendered":"https:\/\/masazedomecek.cz\/?page_id=32"},"modified":"2024-03-02T19:03:07","modified_gmt":"2024-03-02T18:03:07","slug":"interier-pronajem-na-soukrome-akce","status":"publish","type":"page","link":"https:\/\/masazedomecek.cz\/?page_id=32","title":{"rendered":"Interi\u00e9r \u2013 pron\u00e1jem na soukrom\u00e9 akce"},"content":{"rendered":"<div>\n<p style=\"text-align: center;\">Nab\u00edz\u00edme na\u0161e pohodln\u00e9 prostory k po\u0159\u00e1d\u00e1n\u00ed uzav\u0159en\u00fdch spole\u010densk\u00fdch akc\u00ed jako oslavy narozenin, rozlu\u010dky se svobodou, setk\u00e1n\u00ed se z\u00e1kazn\u00edky\u2026,. Ob\u010derstven\u00ed, catering, v\u00fdzdobu zajist\u00edme podle va\u0161ich p\u0159edstav.<\/p>\n<p style=\"text-align: center;\">K dispozici je dlouhodob\u00fd pron\u00e1jem prostor s p\u0159\u00edjemn\u00fdm posezen\u00edm v p\u0159\u00edzem\u00ed, bar, toaleta, baz\u00e9n a v tepl\u00fdch m\u011bs\u00edc\u00edch mo\u017enost posezen\u00ed na zahrad\u011b.<\/p>\n<p style=\"text-align: center;\">V pat\u0159e je 5 pokoj\u016f a 2 koupelny.<\/p>\n<\/div>\n<div style=\"text-align: center;\"><\/div>\n<div><\/div>\n","protected":false},"excerpt":{"rendered":"<p>Nab\u00edz\u00edme na\u0161e pohodln\u00e9 prostory k po\u0159\u00e1d\u00e1n\u00ed uzav\u0159en\u00fdch spole\u010densk\u00fdch akc\u00ed jako oslavy narozenin, rozlu\u010dky se svobodou, setk\u00e1n\u00ed se z\u00e1kazn\u00edky\u2026,. Ob\u010derstven\u00ed, catering,&hellip;<\/p>\n","protected":false},"author":1,"featured_media":0,"parent":0,"menu_order":0,"comment_status":"closed","ping_status":"closed","template":"","meta":{"footnotes":""},"class_list":["post-32","page","type-page","status-publish","hentry"],"_links":{"self":[{"href":"https:\/\/masazedomecek.cz\/index.php?rest_route=\/wp\/v2\/pages\/32","targetHints":{"allow":["GET"]}}],"collection":[{"href":"https:\/\/masazedomecek.cz\/index.php?rest_route=\/wp\/v2\/pages"}],"about":[{"href":"https:\/\/masazedomecek.cz\/index.php?rest_route=\/wp\/v2\/types\/page"}],"author":[{"embeddable":true,"href":"https:\/\/masazedomecek.cz\/index.php?rest_route=\/wp\/v2\/users\/1"}],"replies":[{"embeddable":true,"href":"https:\/\/masazedomecek.cz\/index.php?rest_route=%2Fwp%2Fv2%2Fcomments&post=32"}],"version-history":[{"count":0,"href":"https:\/\/masazedomecek.cz\/index.php?rest_route=\/wp\/v2\/pages\/32\/revisions"}],"wp:attachment":[{"href":"https:\/\/masazedomecek.cz\/index.php?rest_route=%2Fwp%2Fv2%2Fmedia&parent=32"}],"curies":[{"name":"wp","href":"https:\/\/api.w.org\/{rel}","templated":true}]}}

Interiér – pronájem na soukromé akce

<div>
<p style="text-align: center;">Nabízíme naše pohodlné prostory k pořádání uzavřených společenských akcí jako oslavy narozenin, rozlučky se svobodou, setkání se zákazníky…,. Občerstvení, catering, výzdobu zajistíme podle vašich představ.</p>
<p style="text-align: center;">K dispozici je dlouhodobý pronájem prostor s příjemným posezením v přízemí, bar, toaleta, bazén a v teplých měsících možnost posezení na zahradě.</p>
<p style="text-align: center;">V patře je 5 pokojů a 2 koupelny.</p>
</div>
<div style="text-align: center;"></div>
<div></div>

<p>Nabízíme naše pohodlné prostory k pořádání uzavřených společenských akcí jako oslavy narozenin, rozlučky se svobodou, setkání se zákazníky…,. Občerstvení, catering,&hellip;</p>
